ivided by f(-11)?
38
Let a = -33 + 37. Suppose l + c = 32, 3*l + a*c - 92 = 8. Suppose l = 2*h + 2*h. What is the remainder when h is divided by 4?
3
Suppose -6 = -73*z + 76*z. Calculate the remainder when (20 - 28) + z + 66 is divided by 23.
10
Suppose -302*x + 346*x - 79464 = 0. What is the remainder when 3630 is divided by x?
18
Let r(m) = 3*m + 28. Suppose 4*x - 3*c = 2*c + 966, 5*x - c - 1197 = 0. Suppose -4*f = -x - 5. What is the remainder when f is divided by r(-4)?
13
Let n = 8907 + -8900. What is the remainder when (40 - 1)*(-8)/(-3) is divided by n?
6
Let x = -13372 + 13415. Suppose 3*k + 2*k - 1710 = 0. What is the remainder when k is divided by x?
41
Let l be (-4)/18 + (-950)/(-225). Suppose -l*m + 121 + 479 = 0. Calculate the remainder when m is divided by 14.
10
Let x(q) = q**3 + 9*q**2 + 6*q + 3. Let u be x(-3). Let n = u + -61. Calculate the remainder when 42 is divided by ((-22)/(-4))/((-11)/n).
9
Let o(k) = 4*k**2 - 230*k + 38. Calculate the remainder when 3/(1 + (-740)/752) is divided by o(0).
36
Let s(h) = 2*h**2 - 44*h + 9. Let m be s(9). Let g = m - -260. Calculate the remainder when g is divided by 16 + (-1 - (0 + -3)).
17
Let n be 2 - (-560)/(-55) - (-4)/22. What is the remainder when n/14 - (-31612)/98 is divided by 12?
10
Let u(h) = 2*h**3 + 45*h**2 + 23*h + 4. Let z be u(-22). Let n(g) = -7*g - 108. What is the remainder when 58 is divided by n(z)?
4
Let l(m) = -21 + 3 + 393*m - 383*m. What is the remainder when l(6) is divided by 18?
6
Suppose -4*j + 84 = 5*q, j = 5*q - 6 + 2. Suppose -4*l + d = -3*l + 26, 4*d = l + 23. What is the remainder when (244/6)/((-18)/l) is divided by j?
13
Let f(p) = -2*p**3 + 19*p**2 + 11*p + 20. What is the remainder when 46 is divided by f(10)?
16
Suppose -6*x - 8*x + 182 = 0. Let v(p) = 400 - 5*p + x*p**2 - 402 - p**3 - p**2. What is the remainder when v(10) is divided by 38?
34
Suppose 5*f - 51 = 3*j, 4*f - 45 = -56*j + 59*j. Calculate the remainder when 181 is divided by f.
1
Let m = 15 + -11. Let t = -511 + 559. What is the remainder when 41 is divided by t/(m/(-8)*-4)?
17
Let d(z) = -46*z**2 + z. Let i be d(-1). Let w = -46 - i. Suppose -w = -g + 6. What is the remainder when 31 is divided by g?
3
Let c(x) = 17*x**3 + x**2 - 2*x + 4. Calculate the remainder when c(3) is divided by 48.
34
Let u be (2/(-8))/(12/48)*4. Let i be (1/(3 - 1))/(2/u). Calculate the remainder when (-4 + -39)/i - 2 is divided by 11.
8
Suppose a + 1139 = -4*q, -867 = 2*q + q + 5*a. What is the remainder when q/(-10) + ((-9)/(-15) - 1) is divided by (-4)/((-3)/6*1)?
4
Suppose 49*w - 51*w = 3*s + 1, 3*s = 2*w - 17. What is the remainder when 216 is divided by w?
0
Let u(x) = -4*x**2 + 74*x - 80. What is the remainder when 195 is divided by u(16)?
35
Let j(q) = 13*q**3 + q**2. Suppose r + 26 = 2*u, 4*u = -r + 4*r + 52. Suppose -u*o - 3 + 16 = 0. Calculate the remainder when 39 is divided by j(o).
11
Suppose -3*l = 2*w - 1045, -l + 7*w = 5*w - 359. Let i = l + -264. Let m = -16 + 38. Calculate the remainder when i is divided by m.
21
Suppose -1656 = 45*n - 57*n. What is the remainder when n is divided by 76?
62
Calculate the remainder when 2408/430*30/3 is divided by ((-4)/10)/(2/(-60)).
8
Let m = 28240 - 28096. Calculate the remainder when m is divided by 108.
36
Let l(h) be the first derivative of h**3/3 + 3*h**2/2 - 12*h + 7. Let i be l(-5). What is the remainder when 65 is divided by (i/(-6))/((-6)/(-306))?
14
Let h(d) = 2*d**2 + 15*d - 34. Suppose -3*b = -3*s, -5*s + 3*b = -8 + 2. Calculate the remainder when 45 is divided by h(s).
16
Let i be (60/8 - 6)*(-212)/(-3). Suppose -10 + i = 4*u. Suppose -u = -20*c + 17*c. What is the remainder when 14 is divided by c?
6
Let w = -17 + 20. Suppose -3 = w*p - 9. Suppose 0 = -a + v + 38, 2*a + 4*v = -p*a + 120. What is the remainder when 66 is divided by a?
32
Let p(w) = -103*w - 522. What is the remainder when p(-7) is divided by 25?
24
Suppose 3103 = 5*x - 152. What is the remainder when x/(-2)*96/(-112) is divided by 35?
34
Suppose -22*o + 155 + 1165 = 0. Calculate the remainder when 405 is divided by o.
45
Suppose -4*r - 5*o + 370 = 2*r, -3*o = r - 66. Let p = -9 - -15. Suppose r = p*n - n. What is the remainder when 31 is divided by n?
7
Suppose -2 = o - 3, -5*i + 59 = 4*o. What is the remainder when (-2910)/(-21) - (50/(-35) + 2) is divided by i?
6
Suppose -5*v - 40 = -0*v. Let b be 20/(-30) - 232/12. Let y = v - b. What is the remainder when 71 is divided by y?
11
Let j be ((-6)/4 - 20/4)*2. Let b = 12 - j. Calculate the remainder when 196 is divided by b.
21
Calculate the remainder when 724 is divided by (16/(-4) - 3) + 251 + -6.
10
Calculate the remainder when 1033 is divided by (-4120)/(-60) - 3/(-9).
67
Let d(j) = -j**3 + 51*j + 191. What is the remainder when 245 is divided by d(-4)?
41
Suppose -699 = -14*c + 757. Suppose 46 = g + 2*d, -4*g - 5*d + 113 = -62. Calculate the remainder when c is divided by g.
24
Suppose 115*u = 161983 + 2955 + 35392. What is the remainder when u is divided by 97?
93
Let y be 12 - -6*(-3)/9. Suppose -18*n = y*n - 2716. Let q = 6 - -4. Calculate the remainder when n is divided by q.
7
Let w = 3687 + -3666. Calculate the remainder when 532 is divided by w.
7
Let b = 2456 + -2088. What is the remainder when b is divided by 41?
40
Suppose 27*k = 9*k + 144. Calculate the remainder when (3/3)/(0 - 3/(-213)) is divided by k.
7
Let h(u) = -4*u**2 - 6*u - 35. Let j(m) = -3*m**2 - 7*m - 34. Let c(r) = -4*h(r) + 5*j(r). Calculate the remainder when c(-14) is divided by 19.
16
Let j = -1083 - -1124. Calculate the remainder when 1391 is divided by j.
38
Suppose -3*t = -4*t + 24. Suppose 113 = 3*y + 26. Suppose -3*q - 8 = 1, -5*k - 2*q = -y. What is the remainder when t is divided by k?
3
Let m = -1593 + 2729. Calculate the remainder when m is divided by 127.
120
What is the remainder when 3727 is divided by 13 + (-41)/41*(2 - (-1 + 0))?
7
Let i(t) = -302*t + 4283. What is the remainder when 1095 is divided by i(14)?
50
Let w(k) = 106*k + 16. Let y be (-45)/60 + 22/8. Calculate the remainder when w(y) is divided by 77.
74
Suppose 3*k - 2199 = 5*t, -4*k - 79*t + 77*t + 2932 = 0. What is the remainder when k is divided by 235?
28
Let w = -74 - -93. Let b(u) = 2*u**3 - 4*u**2 + 3*u - 4. What is the remainder when b(4) is divided by w?
15
Calculate the remainder when 1446 is divided by (-16 - 168/(-12))/(-1 + 477/483).
158
Let q(a) be the second derivative of a**4/6 + a**3 - a**2/2 - a - 81. Calculate the remainder when 90 is divided by q(-4).
6
Let a be 0/(1 + (1 - 2 - -2)). Suppose 0 = 3*x - a*x - 48. Suppose 0 = c - 53 - 7. What is the remainder when c is divided by x?
12
Suppose 4*n + 3*k - 334 = 0, 3*n - 256 = -9*k + 4*k. What is the remainder when 88 is divided by n?
6
Suppose 3*t - 114 = -4*x, 0 = t - 4*x + 6*x - 40. Suppose -t = -y + 26. Calculate the remainder when y is divided by 16.
12
Let j be 8 + 0 - (8 - 5). Calculate the remainder when 24 is divided by j*((-49)/(-35) + -1).
0
Let z = 5127 + -3141. Calculate the remainder when z is divided by 83.
77
Let g(r) = -7*r - 2. Let k(u) = -u**3 - 11*u**2 - 9*u + 19. Let b = 61 - 71. What is the remainder when g(-10) is divided by k(b)?
5
Suppose 108*h - 106*h = -2*d + 468, -4*d + 705 = 3*h. What is the remainder when 2302 is divided by h?
223
Suppose 2*o - o - 285 = 4*d, -369 = 5*d + 3*o. Let n = d + 159. Calculate the remainder when n is divided by 48.
39
Suppose 7*u - 26*u + 817 = 0. Let y = 1197 - 627. Calculate the remainder when u is divided by (-2)/7 - y/(-35).
11
Let r = 220 - 215. Suppose 16*w = 11*w - r*o + 55, 2*w - 10 = -5*o. Let p(k) = k**2 + k + 1. Calculate the remainder when p(-8) is divided by w.
12
Suppose 0 = -2*u - i + 27, -3*i = 7 + 2. Let m(h) = h**2 - 34*h + 118. Let s be m(32). Suppose -3*b = s - 231. Calculate the remainder when b is divided by u.
14
Let x(m) = -39*m - 1803. Calculate the remainder when 133 is divided by x(-48).
64
Let c = 1250 + -2390. Calculate the remainder when c/(-14) - (-33)/(-77) is divided by 22.
15
Let j = -403 + 703. Suppose -7*l + 2*l + j = 0. Calculate the remainder when l is divided by 32.
28
Let t(f) = -2*f + 56. Let k be t(-7). Let j = k - 62. What is the remainder when 9 is divided by j?
1
Suppose 0 = 3*t - 17*v + 19*v - 18, 